{"id":1864,"date":"2023-08-04T12:54:27","date_gmt":"2023-08-04T09:54:27","guid":{"rendered":"https:\/\/www.gercekyazilim.com\/?page_id=1864"},"modified":"2023-08-04T13:55:00","modified_gmt":"2023-08-04T10:55:00","slug":"logo-j-platform","status":"publish","type":"page","link":"http:\/\/www.gercekyazilim.com\/index.php\/logo-j-platform\/","title":{"rendered":"Logo j-Platform"},"content":{"rendered":"<section class=\"wpb-content-wrapper\"><p>[vc_row][vc_column width=&#8221;1\/2&#8243;][vc_single_image image=&#8221;1944&#8243; img_size=&#8221;FULL&#8221;][\/vc_column][vc_column width=&#8221;1\/2&#8243;][vc_column_text]<\/p>\n<h1>Logo j-Platform<\/h1>\n<h2>\u00d6zellikle b\u00fcy\u00fck \u00f6l\u00e7ekli i\u015fletmeler i\u00e7in HTML5 ve Java altyap\u0131s\u0131 ile tasarlanan Logo J-Platform sayesinde minimum ERP yat\u0131r\u0131m maliyetiyle maksimum verimlilik sa\u011flay\u0131n.<\/h2>\n<p>Orta ve b\u00fcy\u00fck \u00f6l\u00e7ekli i\u015fletmelerin t\u00fcm i\u015f s\u00fcre\u00e7lerinin u\u00e7tan uca, verimli ve etkin y\u00f6netilmesini sa\u011flayan Logo j-Platform ERP, her an, her yerden eri\u015filebilirken HTML5 web teknolojisiyle kullan\u0131c\u0131 deneyimini en \u00fcst seviyeye ta\u015f\u0131yor.<\/p>\n<p>Minimum yat\u0131r\u0131m maliyetleri, maksimum verimlilik<\/p>\n<p>Web tabanl\u0131 \u00e7al\u0131\u015fan Logo j-Platform, esnek yaz\u0131l\u0131m mimarisi ile donan\u0131m maliyetini azaltarak i\u015fletmelerin, grup \u015firketlerinin ve bayi a\u011flar\u0131n\u0131n h\u0131zla, uygun maliyetlerle sisteme ba\u011flanmas\u0131n\u0131 ve t\u00fcm operasyonel s\u00fcre\u00e7lerin tek bir merkezden kontrol edilebilmesini sa\u011fl\u0131yor. \u0130\u015fletmenin b\u00fcy\u00fcmesine paralel olarak sunucu say\u0131s\u0131 art\u0131r\u0131labiliyor, s\u0131n\u0131rs\u0131z kullan\u0131c\u0131 tan\u0131m\u0131 yap\u0131labiliyor.<\/p>\n<p>&nbsp;<\/p>\n<p>Geni\u015f konfig\u00fcrasyon se\u00e7enekleri<\/p>\n<p>\u0130\u015fletmelerin ihtiya\u00e7lar\u0131na g\u00f6re \u015fekillenebilen esnek yap\u0131daki j-Platform, \u00e7ok say\u0131da konfig\u00fcrasyon se\u00e7ene\u011fi ile i\u015f s\u00fcre\u00e7lerini istek ve ihtiya\u00e7lar do\u011frultusunda yap\u0131land\u0131rmay\u0131 sa\u011fl\u0131yor. Logo j-Platform ile i\u015fletmelere ve sekt\u00f6re \u00f6zel uygulamalarla standart ERP fonksiyonlar\u0131 zenginle\u015ftirilebiliyor.<\/p>\n<p>&nbsp;<\/p>\n<p>HTML5 ile yepyeni bir kullan\u0131c\u0131 deneyimi<\/p>\n<p>HTML\u00ad web teknolojisinin ula\u015f\u0131labilirli\u011fi ve Java programlama dilinin performans\u0131n\u0131 bir araya getiren Logo j-Platform, i\u015fletmelere yepyeni bir kullan\u0131c\u0131 deneyimi sunuyor. Logo j-Platform\u2019a, g\u00fcncel taray\u0131c\u0131lar\u0131n bulundu\u011fu herhangi bir bilgisayar veya mobil cihazdan eri\u015filebiliyor.<\/p>\n<p>&nbsp;<\/p>\n<p>Farkl\u0131 Logo \u00e7\u00f6z\u00fcmleriyle entegrasyon<\/p>\n<p>Logo\u2019nun \u0130nsan Kaynaklar\u0131, \u0130\u015f Analiti\u011fi, M\u00fc\u015fteri \u0130li\u015fkileri Y\u00f6netimi, \u0130\u015f Ak\u0131\u015f Y\u00f6netimi ve e-\u00c7\u00f6z\u00fcmler gibi bir\u00e7ok yeni nesil uygulamas\u0131 ile tam entegre \u015fekilde \u00e7al\u0131\u015fabilen Logo j-Platform, b\u00f6ylece kapsaml\u0131 bir ekosistem i\u00e7inde t\u00fcm i\u015f s\u00fcre\u00e7lerinin etkin bir \u015fekilde y\u00f6netilmesine imkan tan\u0131yor.[\/vc_column_text][\/vc_column][\/vc_row]<\/p>\n<\/section>","protected":false},"excerpt":{"rendered":"<p>[vc_row][vc_column width=&#8221;1\/2&#8243;][vc_single_image image=&#8221;1944&#8243; img_size=&#8221;FULL&#8221;][\/vc_column][vc_column width=&#8221;1\/2&#8243;][vc_column_text] Logo j-Platform \u00d6zellikle b\u00fcy\u00fck \u00f6l\u00e7ekli i\u015fletmeler i\u00e7in HTML5 ve Java altyap\u0131s\u0131 ile tasarlanan Logo J-Platform sayesinde minimum ERP yat\u0131r\u0131m maliyetiyle maksimum verimlilik sa\u011flay\u0131n. Orta ve b\u00fcy\u00fck \u00f6l\u00e7ekli i\u015fletmelerin t\u00fcm i\u015f s\u00fcre\u00e7lerinin u\u00e7tan uca, verimli ve etkin y\u00f6netilmesini sa\u011flayan Logo j-Platform ERP, her an, her yerden eri\u015filebilirken HTML5 web teknolojisiyle kullan\u0131c\u0131 [&hellip;]<\/p>\n","protected":false},"author":1,"featured_media":0,"parent":0,"menu_order":0,"comment_status":"closed","ping_status":"closed","template":"","meta":{"om_disable_all_campaigns":false,"_monsterinsights_skip_tracking":false,"_monsterinsights_sitenote_active":false,"_monsterinsights_sitenote_note":"","_monsterinsights_sitenote_category":0,"footnotes":""},"class_list":["post-1864","page","type-page","status-publish","hentry"],"acf":[],"aioseo_notices":[],"_links":{"self":[{"href":"http:\/\/www.gercekyazilim.com\/index.php\/wp-json\/wp\/v2\/pages\/1864","targetHints":{"allow":["GET"]}}],"collection":[{"href":"http:\/\/www.gercekyazilim.com\/index.php\/wp-json\/wp\/v2\/pages"}],"about":[{"href":"http:\/\/www.gercekyazilim.com\/index.php\/wp-json\/wp\/v2\/types\/page"}],"author":[{"embeddable":true,"href":"http:\/\/www.gercekyazilim.com\/index.php\/wp-json\/wp\/v2\/users\/1"}],"replies":[{"embeddable":true,"href":"http:\/\/www.gercekyazilim.com\/index.php\/wp-json\/wp\/v2\/comments?post=1864"}],"version-history":[{"count":2,"href":"http:\/\/www.gercekyazilim.com\/index.php\/wp-json\/wp\/v2\/pages\/1864\/revisions"}],"predecessor-version":[{"id":1945,"href":"http:\/\/www.gercekyazilim.com\/index.php\/wp-json\/wp\/v2\/pages\/1864\/revisions\/1945"}],"wp:attachment":[{"href":"http:\/\/www.gercekyazilim.com\/index.php\/wp-json\/wp\/v2\/media?parent=1864"}],"curies":[{"name":"wp","href":"https:\/\/api.w.org\/{rel}","templated":true}]}}