{"id":1871,"date":"2023-08-04T12:54:27","date_gmt":"2023-08-04T09:54:27","guid":{"rendered":"https:\/\/www.gercekyazilim.com\/?page_id=1871"},"modified":"2023-08-04T13:58:45","modified_gmt":"2023-08-04T10:58:45","slug":"logo-netsis-3-enterprise","status":"publish","type":"page","link":"http:\/\/www.gercekyazilim.com\/index.php\/logo-netsis-3-enterprise\/","title":{"rendered":"Logo Netsis 3 Enterprise"},"content":{"rendered":"<section class=\"wpb-content-wrapper\"><p>[vc_row][vc_column width=&#8221;1\/2&#8243;][vc_single_image image=&#8221;1948&#8243; img_size=&#8221;FULL&#8221;][\/vc_column][vc_column width=&#8221;1\/2&#8243;][vc_column_text]<\/p>\n<h1>Logo Netsis 3 Enterprise<\/h1>\n<h2>B\u00fcy\u00fck \u00f6l\u00e7ekli bir i\u015fletme olarak \u00f6zellikle \u00fcretim ve planlama a\u00e7\u0131s\u0131ndan kaynaklar\u0131n\u0131z\u0131 daha verimli y\u00f6netmek istiyorsan\u0131z yerle\u015fik Logo Netsis 3 Enterprise ERP\u2019nin avantajlar\u0131ndan faydalan\u0131n.<\/h2>\n<p>Zengin i\u015f fonksiyonlar\u0131na sahip kurumsal ERP \u00fcr\u00fcn\u00fc Logo Netsis 3 Enterprise; b\u00fcy\u00fck \u00f6l\u00e7ekli i\u015fletmelerin, holdinglerin, karma\u015f\u0131k \u00fcretim ve ayr\u0131nt\u0131l\u0131 planlama s\u00fcre\u00e7leri y\u00fcr\u00fcten sanayi i\u015fletmelerinin ihtiya\u00e7lar\u0131na uygun kapsaml\u0131 \u00e7\u00f6z\u00fcmler sunarak i\u015fletmelerin verimlili\u011fini destekliyor.<\/p>\n<p>\u0130\u015fletme genelinde verimlilik art\u0131\u015f\u0131<\/p>\n<p>Logo Netsis 3 Enterprise, i\u015f s\u00fcre\u00e7lerini \u00e7ok daha d\u00fc\u015f\u00fck maliyetlerle, pratik ve etkin bir \u015fekilde y\u00f6netmeyi sa\u011fl\u0131yor. B\u00f6ylece, \u00e7al\u0131\u015fan d\u00fczeyinden ba\u015flayarak t\u00fcm i\u015fletme genelinde kalite ve verimlilik art\u0131yor.<\/p>\n<p>&nbsp;<\/p>\n<p>Daha etkin \u00e7al\u0131\u015fan i\u015f birimleri<\/p>\n<p>\u0130\u015f birimleri aras\u0131nda g\u00fcncel bilgi ak\u0131\u015f\u0131 sa\u011flayan Logo Netsis 3 Enterprise, karma\u015f\u0131k i\u015f s\u00fcre\u00e7lerini d\u00fczenliyor ve m\u00fc\u015fteri ili\u015fkilerini etkin \u015fekilde y\u00f6netmeye olanak tan\u0131yor. Sisteme bilgi giri\u015fi oldu\u011funda t\u00fcm b\u00f6l\u00fcmler yetkileri dahilinde do\u011frudan g\u00fcncel bilgiye ula\u015fabiliyor. Kullan\u0131c\u0131lar aras\u0131nda e\u015f zamanl\u0131 ileti\u015fim sa\u011flanmas\u0131yla, zamandan ve gereksiz ileti\u015fim trafi\u011finden tasarruf ediliyor.<\/p>\n<p>&nbsp;<\/p>\n<p>\u0130htiyaca g\u00f6re geli\u015ftirilebilir yap\u0131<\/p>\n<p>Logo Netsis 3 Enterprise, i\u015fletmelerin farkl\u0131 ihtiya\u00e7lar\u0131 d\u00fc\u015f\u00fcn\u00fclerek haz\u0131rlanm\u0131\u015f standart mod\u00fcllerin yan\u0131 s\u0131ra, sonradan eklenebilen \u00f6zel \u00e7\u00f6z\u00fcmler de sunuyor. B\u00f6ylece i\u015fletmelerin kendilerine \u00f6zg\u00fc ihtiya\u00e7lar\u0131na en uygun ERP paketi kullan\u0131ma haz\u0131r hale geliyor.<\/p>\n<p>&nbsp;<\/p>\n<p>&nbsp;<\/p>\n<p>&nbsp;<\/p>\n<p>&nbsp;<\/p>\n<p>&nbsp;<\/p>\n<p>&nbsp;<\/p>\n<p>&nbsp;<\/p>\n<p>&nbsp;[\/vc_column_text][\/vc_column][\/vc_row]<\/p>\n<\/section>","protected":false},"excerpt":{"rendered":"<p>[vc_row][vc_column width=&#8221;1\/2&#8243;][vc_single_image image=&#8221;1948&#8243; img_size=&#8221;FULL&#8221;][\/vc_column][vc_column width=&#8221;1\/2&#8243;][vc_column_text] Logo Netsis 3 Enterprise B\u00fcy\u00fck \u00f6l\u00e7ekli bir i\u015fletme olarak \u00f6zellikle \u00fcretim ve planlama a\u00e7\u0131s\u0131ndan kaynaklar\u0131n\u0131z\u0131 daha verimli y\u00f6netmek istiyorsan\u0131z yerle\u015fik Logo Netsis 3 Enterprise ERP\u2019nin avantajlar\u0131ndan faydalan\u0131n. Zengin i\u015f fonksiyonlar\u0131na sahip kurumsal ERP \u00fcr\u00fcn\u00fc Logo Netsis 3 Enterprise; b\u00fcy\u00fck \u00f6l\u00e7ekli i\u015fletmelerin, holdinglerin, karma\u015f\u0131k \u00fcretim ve ayr\u0131nt\u0131l\u0131 planlama s\u00fcre\u00e7leri y\u00fcr\u00fcten sanayi [&hellip;]<\/p>\n","protected":false},"author":1,"featured_media":0,"parent":0,"menu_order":0,"comment_status":"closed","ping_status":"closed","template":"","meta":{"om_disable_all_campaigns":false,"_monsterinsights_skip_tracking":false,"_monsterinsights_sitenote_active":false,"_monsterinsights_sitenote_note":"","_monsterinsights_sitenote_category":0,"footnotes":""},"class_list":["post-1871","page","type-page","status-publish","hentry"],"acf":[],"aioseo_notices":[],"_links":{"self":[{"href":"http:\/\/www.gercekyazilim.com\/index.php\/wp-json\/wp\/v2\/pages\/1871","targetHints":{"allow":["GET"]}}],"collection":[{"href":"http:\/\/www.gercekyazilim.com\/index.php\/wp-json\/wp\/v2\/pages"}],"about":[{"href":"http:\/\/www.gercekyazilim.com\/index.php\/wp-json\/wp\/v2\/types\/page"}],"author":[{"embeddable":true,"href":"http:\/\/www.gercekyazilim.com\/index.php\/wp-json\/wp\/v2\/users\/1"}],"replies":[{"embeddable":true,"href":"http:\/\/www.gercekyazilim.com\/index.php\/wp-json\/wp\/v2\/comments?post=1871"}],"version-history":[{"count":2,"href":"http:\/\/www.gercekyazilim.com\/index.php\/wp-json\/wp\/v2\/pages\/1871\/revisions"}],"predecessor-version":[{"id":1949,"href":"http:\/\/www.gercekyazilim.com\/index.php\/wp-json\/wp\/v2\/pages\/1871\/revisions\/1949"}],"wp:attachment":[{"href":"http:\/\/www.gercekyazilim.com\/index.php\/wp-json\/wp\/v2\/media?parent=1871"}],"curies":[{"name":"wp","href":"https:\/\/api.w.org\/{rel}","templated":true}]}}