{"id":1874,"date":"2023-08-04T12:54:27","date_gmt":"2023-08-04T09:54:27","guid":{"rendered":"https:\/\/www.gercekyazilim.com\/?page_id=1874"},"modified":"2023-08-04T14:11:22","modified_gmt":"2023-08-04T11:11:22","slug":"insan-kaynaklari-yonetimi","status":"publish","type":"page","link":"http:\/\/www.gercekyazilim.com\/index.php\/insan-kaynaklari-yonetimi\/","title":{"rendered":"\u0130nsan Kaynaklar\u0131 Y\u00f6netimi"},"content":{"rendered":"<section class=\"wpb-content-wrapper\"><p>[vc_row][vc_column width=&#8221;1\/2&#8243;][vc_single_image image=&#8221;1962&#8243; img_size=&#8221;full&#8221;][\/vc_column][vc_column width=&#8221;1\/2&#8243;][vc_column_text]<\/p>\n<h1>\u0130nsan Kaynaklar\u0131 Y\u00f6netimi<\/h1>\n<h2>Bir i\u015fletmenin en de\u011ferli varl\u0131\u011f\u0131 insan kayna\u011f\u0131d\u0131r. \u0130K s\u00fcre\u00e7lerinizi Logo ile u\u00e7tan uca ve tek noktadan y\u00f6netin; \u00e7al\u0131\u015fanlar\u0131n\u0131z\u0131n potansiyelini en iyi \u015fekilde a\u00e7\u0131\u011fa \u00e7\u0131kar\u0131n.<\/h2>\n<h2>\u0130\u015fletmeniz i\u00e7in en do\u011fru \u0130K yaz\u0131l\u0131m\u0131 ihtiyac\u0131n\u0131z\u0131 Logo&#8217;nun sundu\u011fu insan kaynaklar\u0131 y\u00f6netimi \u00e7\u00f6z\u00fcmleriyle al\u0131n!<\/h2>\n<p>\u0130nsan kayna\u011f\u0131n\u0131n en verimli \u015fekilde olu\u015fturulmas\u0131 ve y\u00f6netilmesi, i\u015fletmelerin finansal sonu\u00e7lar\u0131n\u0131 da do\u011frudan etkiliyor. Dolay\u0131s\u0131yla i\u015fe al\u0131mdan performans de\u011ferlendirmelerine, izin takibinden yan haklara kadar t\u00fcm insan kaynaklar\u0131 s\u00fcre\u00e7lerini bir b\u00fct\u00fcn halinde ele almak, bir i\u015fletmenin yapabilece\u011fi en \u00f6nemli yat\u0131r\u0131mlardan biridir. \u0130K&#8217;ya \u00f6zel \u00e7\u00f6z\u00fcmler, t\u00fcm \u0130K s\u00fcre\u00e7lerini ve i\u015flemlerini tek platformda birle\u015ftirerek organizasyon yap\u0131s\u0131n\u0131 g\u00fc\u00e7lendiriyor. Bu \u00e7\u00f6z\u00fcmlerin mevzuattaki de\u011fi\u015fikliklere g\u00f6re d\u00fczenli olarak g\u00fcncellenmesi de hem yasal uyumlulu\u011fu hem de verimli\u00a0<strong>insan kaynaklar\u0131 y\u00f6netimi<\/strong>ni sa\u011fl\u0131yor.<\/p>\n<p>Logo,\u00a0<strong>insan kaynaklar\u0131 y\u00f6netimi<\/strong>\u00a0odakl\u0131 \u00e7\u00f6z\u00fcmleriyle i\u015fletmelerin t\u00fcm \u0130K y\u00f6netimi ve i\u015flemlerini tek platformda birle\u015ftirerek organizasyon yap\u0131s\u0131n\u0131 g\u00fc\u00e7lendiriyor. \u0130htiyaca g\u00f6re zenginle\u015ftirilebilen mod\u00fcler yap\u0131daki \u00e7\u00f6z\u00fcmlerden olu\u015fan portf\u00f6yde, web tabanl\u0131 se\u00e7enekler de sunuluyor. Logo \u0130nsan Kaynaklar\u0131 y\u00f6netimi, insan kayna\u011f\u0131n\u0131 h\u0131zl\u0131 ve etkin \u015fekilde y\u00f6netmeyi sa\u011flarken, \u00e7al\u0131\u015fan memnuniyetini ve i\u015f verimlili\u011fini de art\u0131r\u0131yor.<\/p>\n<ul>\n<li>T\u00fcm \u0130K s\u00fcre\u00e7lerinin tek noktadan y\u00f6netimi<\/li>\n<li>Zaman ve i\u015f g\u00fcc\u00fc tasarrufu<\/li>\n<li>Web \u00fczerinden kullan\u0131m imkan\u0131<\/li>\n<li>Yasal mevzuata uyum<\/li>\n<li>Portal \u00fczerinden self-servis kullan\u0131m<\/li>\n<\/ul>\n<p>K\u00fcreselle\u015fmeyle birlikte i\u015fletmenin en \u00f6nemli kayna\u011f\u0131n\u0131n insan oldu\u011funu benimseyen\u00a0<strong>insan kaynaklar\u0131 y\u00f6netimi<\/strong>\u00a0anlay\u0131\u015f\u0131 geli\u015ferek yayg\u0131nla\u015f\u0131yor. \u0130nsan kayna\u011f\u0131n\u0131n en verimli \u015fekilde y\u00f6netilmesinin finansal sonu\u00e7lar \u00fczerinde de etkili olmas\u0131 insan kaynaklar\u0131 y\u00f6netimini etkin bir platform \u00fczerinden y\u00f6netmeyi zorunlu k\u0131l\u0131yor. Logo&#8217;nun sundu\u011fu\u00a0<a href=\"https:\/\/www.logo.com.tr\/urun\/logo-bulut-ik\">bulut ik<\/a>\u00a0program\u0131n\u0131 inceleyin.<\/p>\n<p>\u200b<a href=\"https:\/\/www.logo.com.tr\/blog\/blog-detay\/yillik-izin-sureleri-nasil-hesaplaniyor\">Y\u0131ll\u0131k izin s\u00fcreleri<\/a>,\u00a0<a href=\"https:\/\/www.logo.com.tr\/blog\/blog-detay\/tazminat-nedir-tazminat-hesaplama-nasil-yapilir\">tazminat hesaplama<\/a>,\u00a0<a href=\"https:\/\/www.logo.com.tr\/blog\/blog-detay\/puantaj-nedir-puantaj-cetveli-takibi-nasil-yapilir\">puantaj<\/a>\u00a0gibi merak edilen konular\u0131 derledi\u011fimiz\u00a0<a href=\"https:\/\/www.logo.com.tr\/blog\">blog sayfam\u0131zdan<\/a>\u00a0daha detayl\u0131 bilgilere ula\u015fabilirsiniz.<\/p>\n<h2>\u0130nsan kaynaklar\u0131 y\u00f6netimi nedir?<\/h2>\n<p>\u0130\u015fletmeler ama\u00e7lar\u0131na ula\u015f\u0131p ba\u015far\u0131ya ula\u015fmak i\u00e7in fiziksel kaynaklara (hammadde, makine), finansal kaynaklara (sermaye, k\u00e2r) ve insan kayna\u011f\u0131na ihtiya\u00e7 duyuyor. Bu kaynaklar\u0131n hepsi \u00f6nemli olmakla birlikte insan kayna\u011f\u0131, rekabet avantaj\u0131 sa\u011flama olas\u0131l\u0131\u011f\u0131 en y\u00fcksek kaynak olarak \u00f6ne \u00e7\u0131k\u0131yor. \u0130nsan kayna\u011f\u0131, kurum y\u00f6netiminde kilit i\u015flev g\u00f6r\u00fcyor.<\/p>\n<p>\u0130nsan kayna\u011f\u0131n\u0131n ta\u015f\u0131d\u0131\u011f\u0131 \u00f6nem, i\u015fletmelerde \u015fu iki i\u015flevi temel \u00f6rg\u00fct k\u00fclt\u00fcr\u00fc unsurlar\u0131 aras\u0131na yerle\u015ftiriyor:<\/p>\n<ul>\n<li>\u00c7al\u0131\u015fanlar\u0131n ili\u015fkilerini y\u00f6netsel bir yap\u0131 ile ele alma<\/li>\n<li>Kurum k\u00fclt\u00fcr\u00fcne uygun \u00e7al\u0131\u015fan politikas\u0131 geli\u015ftirme<\/li>\n<\/ul>\n<p>\u0130nsan kaynaklar\u0131 y\u00f6netimini bir\u00e7ok i\u015fletme farkl\u0131 \u015fekillerde tan\u0131mlayabiliyor. Tan\u0131mlar farkl\u0131 olmakla birlikte odak noktas\u0131nda insan yer al\u0131yor. \u0130nsan kaynaklar\u0131 y\u00f6netiminin temel amac\u0131 \u00f6rg\u00fct\u00fcn etkilili\u011fini ve g\u00fcc\u00fcn\u00fc artt\u0131rmak olup amac\u0131 ger\u00e7ekle\u015ftirmeye y\u00f6nelik ilk ad\u0131m i\u015fe al\u0131m s\u00fcreciyle ba\u015fl\u0131yor.<\/p>\n<p>\u00c7al\u0131\u015fanlar\u0131n bilgi, yetenek ve becerilerini rasyonel bi\u00e7imde kullanamayan ve \u00e7al\u0131\u015fanlar\u0131 yan haklardan i\u015f tan\u0131m\u0131na bir\u00e7ok konuda tatmin edemeyen i\u015fletmeler, rekabet ortam\u0131n\u0131 \u00e7ok gerilerden seyrediyor. Rekabet \u00fcst\u00fcnl\u00fc\u011f\u00fc kazanan i\u015fletmeler ise \u00e7al\u0131\u015fanlar\u0131 i\u015fletme i\u00e7in gerekli kaynak olmalar\u0131n\u0131n \u00f6tesinde geli\u015ftirilmesi gereken yetenek olarak g\u00f6r\u00fcyor.<\/p>\n<p><strong>\u0130K program\u0131<\/strong>\u00a0yaln\u0131zca mevcut i\u015f g\u00fcc\u00fcn\u00fc albenili hale getirmeye de\u011fil, yeni insan kayna\u011f\u0131n\u0131 verimli \u015fekilde olu\u015fturmaya da odaklan\u0131yor. \u0130\u015fe al\u0131mdan performans de\u011ferlendirmelerine, izin takibinden yan haklara kadar t\u00fcm insan kaynaklar\u0131 s\u00fcre\u00e7lerini b\u00fct\u00fcnsel yakla\u015f\u0131mla ele al\u0131yor.\u00a0<strong>\u0130nsan kaynaklar\u0131 y\u00f6netim sistemi<\/strong>\u00a0i\u015fletmenin daha verimli sonu\u00e7 almas\u0131 ve daha iyi finansal \u00e7\u0131kt\u0131 almas\u0131 i\u00e7in imkan tan\u0131yor.<\/p>\n<p><strong>\u0130nsan kaynaklar\u0131 y\u00f6netimi \u00f6zellikleri<\/strong>, \u00e7al\u0131\u015fanlar\u0131n verimlili\u011fi ve \u00e7al\u0131\u015fan tatmini etraf\u0131nda \u015fekilleniyor.\u00a0<strong>\u0130K planlamas\u0131<\/strong>\u00a0insan kaynaklar\u0131n\u0131n en \u00f6nemli i\u015flevi olup \u00e7al\u0131\u015fandan en y\u00fcksek verimi sa\u011flamak i\u00e7in ortam haz\u0131rl\u0131yor. \u0130K y\u00f6netiminin di\u011fer i\u015flevleri ise \u00e7al\u0131\u015fan bulma ve se\u00e7me, e\u011fitim ve geli\u015ftirme, performans de\u011ferlendirmesi, \u00fccret y\u00f6netimi, i\u015f sa\u011fl\u0131\u011f\u0131 ve i\u015f g\u00fcvenli\u011fi olarak s\u0131ralan\u0131yor.<\/p>\n<p>Yeterlilik, kariyer olanaklar\u0131, f\u0131rsat e\u015fitli\u011fi, i\u015f g\u00fcvencesi ve demokratik i\u015f ortam\u0131 insan kaynaklar\u0131 y\u00f6netiminin ilkeleri olarak say\u0131l\u0131yor. Bu ilkeler do\u011frultusunda geli\u015ftirilen\u00a0<a href=\"https:\/\/www.logo.com.tr\/kategori\/bordro-programi\">insan kaynaklar\u0131 programlar\u0131<\/a>, organizasyon yap\u0131s\u0131n\u0131 g\u00fc\u00e7lendiriyor. T\u00fcm s\u00fcre\u00e7leri tek platformda birle\u015ftiren \u00e7\u00f6z\u00fcmler, mevzuattaki de\u011fi\u015fikliklere g\u00f6re d\u00fczenli olarak g\u00fcncelleniyor. Bu sayede yasal uyumluluk sa\u011fland\u0131\u011f\u0131 gibi \u0130K s\u00fcre\u00e7leri en verimli \u015fekilde y\u00f6netiliyor.<\/p>\n<h2>\u0130nsan kaynaklar\u0131 y\u00f6netimi yaz\u0131l\u0131mlar\u0131 IK departmanlar\u0131na ne kazand\u0131r\u0131r?<\/h2>\n<p>Logo\u2019nun\u00a0<strong>insan kaynaklar\u0131 y\u00f6netimi<\/strong>\u00a0stratejisi do\u011frultusunda geli\u015ftirdi\u011fi insan odakl\u0131 \u00e7\u00f6z\u00fcmler, t\u00fcm \u0130K i\u015flemlerini tek platformda birle\u015ftiriyor. \u0130htiyaca g\u00f6re zenginle\u015ftirilebilen mod\u00fclerden olu\u015fan \u00e7\u00f6z\u00fcmler, web tabanl\u0131 olarak da sunuluyor.\u00a0<strong>\u0130K \u00e7\u00f6z\u00fcmleri<\/strong>\u00a0\u00e7al\u0131\u015fan memnuniyetini ve i\u015f verimlili\u011fini art\u0131r\u0131yor. \u00c7\u00f6z\u00fcmlerin t\u00fcm insan kaynaklar\u0131 s\u00fcre\u00e7lerini b\u00fct\u00fcn halinde ele alarak otomatize etmesi insan kayna\u011f\u0131n\u0131 h\u0131zl\u0131 y\u00f6netmeyi sa\u011flayarak i\u015fletmelere zaman kazand\u0131r\u0131yor.\u00a0?\u0130nsan kaynaklar\u0131 y\u00f6netiminde bir\u00e7ok s\u00fcreci ele almak ve insan kayna\u011f\u0131n\u0131 y\u00f6netirken g\u00fcncel mevzuat\u0131 g\u00f6z \u00f6n\u00fcnde bulundurmak gerekiyor.\u00a0<strong>\u0130K program\u0131<\/strong>, s\u00fcre\u00e7leri otomatize etmesi ve g\u00fcncellemelerle yasal uyumlulu\u011fu sa\u011flamas\u0131yla insan kaynaklar\u0131 y\u00f6netiminingerekliliklerini kar\u015f\u0131l\u0131yor. Dolay\u0131s\u0131yla her sekt\u00f6rden i\u015fletme insan kayna\u011f\u0131n\u0131 y\u00f6netmek i\u00e7in\u00a0<strong>\u0130K program\u0131<\/strong>\u00a0kullan\u0131yor[\/vc_column_text][\/vc_column][\/vc_row]<\/p>\n<\/section>","protected":false},"excerpt":{"rendered":"<p>[vc_row][vc_column width=&#8221;1\/2&#8243;][vc_single_image image=&#8221;1962&#8243; img_size=&#8221;full&#8221;][\/vc_column][vc_column width=&#8221;1\/2&#8243;][vc_column_text] \u0130nsan Kaynaklar\u0131 Y\u00f6netimi Bir i\u015fletmenin en de\u011ferli varl\u0131\u011f\u0131 insan kayna\u011f\u0131d\u0131r. \u0130K s\u00fcre\u00e7lerinizi Logo ile u\u00e7tan uca ve tek noktadan y\u00f6netin; \u00e7al\u0131\u015fanlar\u0131n\u0131z\u0131n potansiyelini en iyi \u015fekilde a\u00e7\u0131\u011fa \u00e7\u0131kar\u0131n. \u0130\u015fletmeniz i\u00e7in en do\u011fru \u0130K yaz\u0131l\u0131m\u0131 ihtiyac\u0131n\u0131z\u0131 Logo&#8217;nun sundu\u011fu insan kaynaklar\u0131 y\u00f6netimi \u00e7\u00f6z\u00fcmleriyle al\u0131n! \u0130nsan kayna\u011f\u0131n\u0131n en verimli \u015fekilde olu\u015fturulmas\u0131 ve y\u00f6netilmesi, i\u015fletmelerin [&hellip;]<\/p>\n","protected":false},"author":1,"featured_media":0,"parent":0,"menu_order":0,"comment_status":"closed","ping_status":"closed","template":"","meta":{"om_disable_all_campaigns":false,"_monsterinsights_skip_tracking":false,"_monsterinsights_sitenote_active":false,"_monsterinsights_sitenote_note":"","_monsterinsights_sitenote_category":0,"footnotes":""},"class_list":["post-1874","page","type-page","status-publish","hentry"],"acf":[],"aioseo_notices":[],"_links":{"self":[{"href":"http:\/\/www.gercekyazilim.com\/index.php\/wp-json\/wp\/v2\/pages\/1874","targetHints":{"allow":["GET"]}}],"collection":[{"href":"http:\/\/www.gercekyazilim.com\/index.php\/wp-json\/wp\/v2\/pages"}],"about":[{"href":"http:\/\/www.gercekyazilim.com\/index.php\/wp-json\/wp\/v2\/types\/page"}],"author":[{"embeddable":true,"href":"http:\/\/www.gercekyazilim.com\/index.php\/wp-json\/wp\/v2\/users\/1"}],"replies":[{"embeddable":true,"href":"http:\/\/www.gercekyazilim.com\/index.php\/wp-json\/wp\/v2\/comments?post=1874"}],"version-history":[{"count":2,"href":"http:\/\/www.gercekyazilim.com\/index.php\/wp-json\/wp\/v2\/pages\/1874\/revisions"}],"predecessor-version":[{"id":1963,"href":"http:\/\/www.gercekyazilim.com\/index.php\/wp-json\/wp\/v2\/pages\/1874\/revisions\/1963"}],"wp:attachment":[{"href":"http:\/\/www.gercekyazilim.com\/index.php\/wp-json\/wp\/v2\/media?parent=1874"}],"curies":[{"name":"wp","href":"https:\/\/api.w.org\/{rel}","templated":true}]}}